{"id":736,"date":"2024-04-16T13:30:02","date_gmt":"2024-04-16T16:30:02","guid":{"rendered":"http:\/\/juridico.sorocaba.sp.gov.br\/pgm\/?page_id=736"},"modified":"2026-04-16T15:29:15","modified_gmt":"2026-04-16T18:29:15","slug":"pgm-sorocaba","status":"publish","type":"page","link":"https:\/\/juridico.sorocaba.sp.gov.br\/pgm\/","title":{"rendered":"PGM Sorocaba"},"content":{"rendered":"<p style=\"font-size: 16px;text-align: justify\">A\u00a0<strong>Procuradoria-Geral do Munic\u00edpio de Sorocaba (PGM)<\/strong>, vinculada diretamente \u00e0 Secretaria Jur\u00eddica (SEJ), integra a categoria da advocacia p\u00fablica prevista na Constitui\u00e7\u00e3o Federal, dentre as carreiras t\u00edpicas de Estado, sendo orientada pelos princ\u00edpios da juridicidade, da efici\u00eancia, da indisponibilidade do interesse p\u00fablico e da seguran\u00e7a jur\u00eddica.<\/p>\n<p style=\"font-size: 16px;text-align: justify\">Al\u00e9m da estrutura administrativa de apoio, a\u00a0<span style=\"color: #000080\"><span style=\"color: #000000\">PGM\u00a0\u00e9 integrada pelas seguintes<\/span>\u00a0<strong><a style=\"color: #000080\" href=\"http:\/\/juridico.sorocaba.sp.gov.br\/pgm\/wp-content\/uploads\/sites\/3\/2023\/04\/banner-pgm-sorocaba.pdf\">Procuradorias especializadas<\/a><\/strong><\/span>:<\/p>\n<p>&nbsp;<\/p>\n<p style=\"font-size: 16px;text-align: justify\">\u2022\u00a0 Procuradoria Administrativa (PADM);<\/p>\n<p style=\"font-size: 16px;text-align: justify\">\u2022\u00a0 Procuradoria de Controle Externo (PCE);<\/p>\n<p style=\"font-size: 16px;text-align: justify\">\u2022\u00a0 Procuradoria dos Contenciosos (PCO);<\/p>\n<p style=\"font-size: 16px;text-align: justify\">\u2022\u00a0 Procuradoria Tribut\u00e1ria (PTR);<\/p>\n<p style=\"font-size: 16px;text-align: justify\">\u2022\u00a0 Centro de Apoio \u00e0 Procuradoria-Geral do Munic\u00edpio (CAPGM).<\/p>\n<p>&nbsp;<\/p>\n<p style=\"font-size: 16px;text-align: justify\">Os Procuradores do Munic\u00edpio desenvolvem atividades exclusivas de Estado, sendo respons\u00e1veis por exercer a representa\u00e7\u00e3o judicial e extrajudicial e a consultoria jur\u00eddica do Munic\u00edpio de Sorocaba.<\/p>\n<p>&nbsp;<\/p>\n<p style=\"font-size: 16px;text-align: justify\">A estrutura completa da PGM e seu\u00a0<strong><span style=\"color: #000080\"><a style=\"color: #000080\" href=\"http:\/\/juridico.sorocaba.sp.gov.br\/pgm\/wp-content\/uploads\/sites\/3\/2023\/04\/banner-sej-organograma.pdf\">organograma<\/a><\/span><\/strong>\u00a0podem ser acessados pelo menu e suas compet\u00eancias espec\u00edficas est\u00e3o na\u00a0<strong><span style=\"color: #000080\"><a style=\"color: #000080\" href=\"https:\/\/leismunicipais.com.br\/a1\/sp\/s\/sorocaba\/lei-ordinaria\/2021\/1248\/12473\/lei-ordinaria-n-12473-2021-dispoe-sobre-a-reorganizacao-da-estrutura-administrativa-da-prefeitura-municipal-de-sorocaba-e-da-outras-providencias?q=%22centro%20de%20apoio%22\">Lei n\u00ba 12.473, de 23 de dezembro de 2021<\/a><\/span><\/strong><em>.<\/em><\/p>\n<p>&nbsp;<\/p>\n<p style=\"font-size: 16px;text-align: justify\"><strong>Clique no menu para ter acesso aos materiais produzidos pela PGM e a outras informa\u00e7\u00f5es.<\/strong><\/p>\n","protected":false},"excerpt":{"rendered":"<p>A\u00a0Procuradoria-Geral do Munic\u00edpio de Sorocaba (PGM), vinculada diretamente \u00e0 Secretaria Jur\u00eddica (SEJ), integra a categoria da advocacia p\u00fablica prevista na Constitui\u00e7\u00e3o Federal, dentre as carreiras t\u00edpicas de Estado, sendo orientada pelos princ\u00edpios da juridicidade, da efici\u00eancia, da indisponibilidade do interesse p\u00fablico e da seguran\u00e7a jur\u00eddica. Al\u00e9m da estrutura administrativa de apoio, a\u00a0PGM\u00a0\u00e9 integrada pelas seguintes\u00a0Procuradorias&nbsp; <a href=\"https:\/\/juridico.sorocaba.sp.gov.br\/pgm\/\">&hellip; Leia mais<\/a><\/p>\n","protected":false},"author":1,"featured_media":0,"parent":0,"menu_order":0,"comment_status":"closed","ping_status":"closed","template":"page-secretaria-sidebar.php","meta":{"footnotes":""},"class_list":["post-736","page","type-page","status-publish","hentry"],"_links":{"self":[{"href":"https:\/\/juridico.sorocaba.sp.gov.br\/pgm\/wp-json\/wp\/v2\/pages\/736","targetHints":{"allow":["GET"]}}],"collection":[{"href":"https:\/\/juridico.sorocaba.sp.gov.br\/pgm\/wp-json\/wp\/v2\/pages"}],"about":[{"href":"https:\/\/juridico.sorocaba.sp.gov.br\/pgm\/wp-json\/wp\/v2\/types\/page"}],"author":[{"embeddable":true,"href":"https:\/\/juridico.sorocaba.sp.gov.br\/pgm\/wp-json\/wp\/v2\/users\/1"}],"replies":[{"embeddable":true,"href":"https:\/\/juridico.sorocaba.sp.gov.br\/pgm\/wp-json\/wp\/v2\/comments?post=736"}],"version-history":[{"count":19,"href":"https:\/\/juridico.sorocaba.sp.gov.br\/pgm\/wp-json\/wp\/v2\/pages\/736\/revisions"}],"predecessor-version":[{"id":1195,"href":"https:\/\/juridico.sorocaba.sp.gov.br\/pgm\/wp-json\/wp\/v2\/pages\/736\/revisions\/1195"}],"wp:attachment":[{"href":"https:\/\/juridico.sorocaba.sp.gov.br\/pgm\/wp-json\/wp\/v2\/media?parent=736"}],"curies":[{"name":"wp","href":"https:\/\/api.w.org\/{rel}","templated":true}]}}