{"id":399,"date":"2023-03-08T18:09:06","date_gmt":"2023-03-08T21:09:06","guid":{"rendered":"http:\/\/juridico.sorocaba.sp.gov.br\/pgm\/?page_id=399"},"modified":"2025-04-22T14:18:38","modified_gmt":"2025-04-22T17:18:38","slug":"julgados-tcesp","status":"publish","type":"page","link":"https:\/\/juridico.sorocaba.sp.gov.br\/pgm\/julgados-tcesp\/","title":{"rendered":"Julgados TCESP"},"content":{"rendered":"<p style=\"font-size: 16px\">A partir do ano de 2023,\u00a0ser\u00e3o compiladas as principais decis\u00f5es proferidas pelo Tribunal de Contas do Estado de S\u00e3o Paulo (TCESP) envolvendo a Prefeitura de Sorocaba.<\/p>\n<p>&nbsp;<\/p>\n<p style=\"font-size: 16px\"><strong><span style=\"color: #000000\">Clique\u00a0no anexo abaixo\u00a0para\u00a0acessar o comp\u00eandio de jurisprud\u00eancia do TCESP\u00a0elaborado pela PGM.<\/span><\/strong><\/p>\n<p>&nbsp;<\/p>\n<h4><span style=\"color: #800000\">\u25ba\u00a0<a style=\"color: #800000\" href=\"http:\/\/juridico.sorocaba.sp.gov.br\/pgm\/wp-content\/uploads\/sites\/3\/2023\/03\/julgados-tcesp-prefeitura-de-sorocaba-atualizado-ate-122024.pdf\">Julgados TCESP &#8211; Prefeitura de Sorocaba &#8211; Atualizado at\u00e9 12.2024<\/a> \u00a0<\/span><\/h4>\n<p>&nbsp;<\/p>\n<h4><a href=\"http:\/\/juridico.sorocaba.sp.gov.br\/pgm\/wp-content\/uploads\/sites\/3\/2023\/03\/julgados-tcesp-prefeitura-de-sorocaba-atualizado-ate-122024.pdf\"><img loading=\"lazy\" decoding=\"async\" class=\"alignnone wp-image-843\" src=\"http:\/\/juridico.sorocaba.sp.gov.br\/pgm\/wp-content\/uploads\/sites\/3\/2023\/03\/ppt-capa-e-arte-jurisprudencia-tce-1-424x300.jpg\" alt=\"PPT - Capa e arte - Jurisprud\u00eancia TCE\" width=\"254\" height=\"180\" srcset=\"https:\/\/juridico.sorocaba.sp.gov.br\/pgm\/wp-content\/uploads\/sites\/3\/2023\/03\/ppt-capa-e-arte-jurisprudencia-tce-1-424x300.jpg 424w, https:\/\/juridico.sorocaba.sp.gov.br\/pgm\/wp-content\/uploads\/sites\/3\/2023\/03\/ppt-capa-e-arte-jurisprudencia-tce-1-768x543.jpg 768w, https:\/\/juridico.sorocaba.sp.gov.br\/pgm\/wp-content\/uploads\/sites\/3\/2023\/03\/ppt-capa-e-arte-jurisprudencia-tce-1-970x686.jpg 970w\" sizes=\"auto, (max-width: 254px) 100vw, 254px\" \/><\/a><\/h4>\n<p>&nbsp;<\/p>\n","protected":false},"excerpt":{"rendered":"<p>A partir do ano de 2023,\u00a0ser\u00e3o compiladas as principais decis\u00f5es proferidas pelo Tribunal de Contas do Estado de S\u00e3o Paulo (TCESP) envolvendo a Prefeitura de Sorocaba. &nbsp; Clique\u00a0no anexo abaixo\u00a0para\u00a0acessar o comp\u00eandio de jurisprud\u00eancia do TCESP\u00a0elaborado pela PGM. &nbsp; \u25ba\u00a0Julgados TCESP &#8211; Prefeitura de Sorocaba &#8211; Atualizado at\u00e9 12.2024 \u00a0 &nbsp; &nbsp;<\/p>\n","protected":false},"author":48,"featured_media":0,"parent":0,"menu_order":0,"comment_status":"closed","ping_status":"closed","template":"","meta":{"footnotes":""},"class_list":["post-399","page","type-page","status-publish","hentry"],"_links":{"self":[{"href":"https:\/\/juridico.sorocaba.sp.gov.br\/pgm\/wp-json\/wp\/v2\/pages\/399","targetHints":{"allow":["GET"]}}],"collection":[{"href":"https:\/\/juridico.sorocaba.sp.gov.br\/pgm\/wp-json\/wp\/v2\/pages"}],"about":[{"href":"https:\/\/juridico.sorocaba.sp.gov.br\/pgm\/wp-json\/wp\/v2\/types\/page"}],"author":[{"embeddable":true,"href":"https:\/\/juridico.sorocaba.sp.gov.br\/pgm\/wp-json\/wp\/v2\/users\/48"}],"replies":[{"embeddable":true,"href":"https:\/\/juridico.sorocaba.sp.gov.br\/pgm\/wp-json\/wp\/v2\/comments?post=399"}],"version-history":[{"count":24,"href":"https:\/\/juridico.sorocaba.sp.gov.br\/pgm\/wp-json\/wp\/v2\/pages\/399\/revisions"}],"predecessor-version":[{"id":1656,"href":"https:\/\/juridico.sorocaba.sp.gov.br\/pgm\/wp-json\/wp\/v2\/pages\/399\/revisions\/1656"}],"wp:attachment":[{"href":"https:\/\/juridico.sorocaba.sp.gov.br\/pgm\/wp-json\/wp\/v2\/media?parent=399"}],"curies":[{"name":"wp","href":"https:\/\/api.w.org\/{rel}","templated":true}]}}