{"id":1412,"date":"2025-01-18T00:08:56","date_gmt":"2025-01-18T02:08:56","guid":{"rendered":"http:\/\/juridico.sorocaba.sp.gov.br\/pgm\/?page_id=1412"},"modified":"2025-01-27T10:29:33","modified_gmt":"2025-01-27T12:29:33","slug":"concurso-de-remocao-interna","status":"publish","type":"page","link":"https:\/\/juridico.sorocaba.sp.gov.br\/pgm\/concurso-de-remocao-interna\/","title":{"rendered":"Concurso de Remo\u00e7\u00e3o Interna"},"content":{"rendered":"<p><strong>1\u00ba Concurso de Remo\u00e7\u00e3o\u00a0&#8211;\u00a0Cargo de\u00a0Procurador do Munic\u00edpio<\/strong><\/p>\n<p><img loading=\"lazy\" decoding=\"async\" class=\"alignnone size-medium wp-image-1451\" src=\"http:\/\/juridico.sorocaba.sp.gov.br\/pgm\/wp-content\/uploads\/sites\/3\/2025\/01\/cronogramaremocaopgm-430x300.png\" alt=\"\" width=\"430\" height=\"300\" srcset=\"https:\/\/juridico.sorocaba.sp.gov.br\/pgm\/wp-content\/uploads\/sites\/3\/2025\/01\/cronogramaremocaopgm-430x300.png 430w, https:\/\/juridico.sorocaba.sp.gov.br\/pgm\/wp-content\/uploads\/sites\/3\/2025\/01\/cronogramaremocaopgm-768x535.png 768w, https:\/\/juridico.sorocaba.sp.gov.br\/pgm\/wp-content\/uploads\/sites\/3\/2025\/01\/cronogramaremocaopgm-970x676.png 970w\" sizes=\"auto, (max-width: 430px) 100vw, 430px\" \/><\/p>\n<hr \/>\n<p><strong>INSTRU\u00c7\u00c3O NORMATIVA CONJUNTA SEJ\/SERH N\u00ba 1\/2025<\/strong><br \/>\nDisp\u00f5e sobre o concurso de remo\u00e7\u00e3o para os titulares do cargo de Procurador do Munic\u00edpio, no \u00e2mbito das Procuradorias especializadas da Procuradoria-Geral do Munic\u00edpio de Sorocaba.<\/p>\n<p><strong><a href=\"http:\/\/juridico.sorocaba.sp.gov.br\/pgm\/wp-content\/uploads\/sites\/3\/2025\/01\/in-conjunta-sejserh-12025-remocao-pgm.pdf\" target=\"_blank\">Anexo &#8211; Instru\u00e7\u00e3o Normativa Conjunta<\/a><\/strong><\/p>\n<p>(Publicada no Jornal do Munic\u00edpio de Sorocaba, edi\u00e7\u00e3o n\u00ba 3.636 \u2013 17 de janeiro de 2025, p\u00e1gs. 26\/27.)<\/p>\n<hr \/>\n<p><strong>EDITAL N\u00ba 01\/2025 &#8211; PGM<\/strong><br \/>\nReferente ao processo seletivo de remo\u00e7\u00e3o interna de Procuradores(as) do Munic\u00edpio entre as Procuradorias especializadas da Procuradoria-Geral do Munic\u00edpio (PGM).<\/p>\n<p><a href=\"http:\/\/juridico.sorocaba.sp.gov.br\/pgm\/wp-content\/uploads\/sites\/3\/2025\/01\/edital-concurso-remocao-pgm.pdf\" target=\"_blank\"><strong>Anexo &#8211; Edital<\/strong><\/a><\/p>\n<p>(Publicado no Jornal do Munic\u00edpio de Sorocaba, edi\u00e7\u00e3o n\u00ba 3.637 \u2013 20 de janeiro de 2025, p\u00e1gs. 5\/6).<\/p>\n<hr \/>\n<p><strong>ANEXO I<\/strong><br \/>\nDas vagas em cada Procuradoria especializada.<\/p>\n<p><img loading=\"lazy\" decoding=\"async\" class=\"alignnone size-medium wp-image-1458\" src=\"http:\/\/juridico.sorocaba.sp.gov.br\/pgm\/wp-content\/uploads\/sites\/3\/2025\/01\/vagas-remocao-pgm-1-470x181.png\" alt=\"\" width=\"470\" height=\"181\" srcset=\"https:\/\/juridico.sorocaba.sp.gov.br\/pgm\/wp-content\/uploads\/sites\/3\/2025\/01\/vagas-remocao-pgm-1-470x181.png 470w, https:\/\/juridico.sorocaba.sp.gov.br\/pgm\/wp-content\/uploads\/sites\/3\/2025\/01\/vagas-remocao-pgm-1-768x296.png 768w, https:\/\/juridico.sorocaba.sp.gov.br\/pgm\/wp-content\/uploads\/sites\/3\/2025\/01\/vagas-remocao-pgm-1-970x374.png 970w\" sizes=\"auto, (max-width: 470px) 100vw, 470px\" \/><\/p>\n<hr \/>\n<p><strong>ANEXO II<\/strong><\/p>\n<p><strong>Requerimento de Inscri\u00e7\u00e3o para remo\u00e7\u00e3o interna \u2013 ano 2025.<\/strong><\/p>\n<p>A inscri\u00e7\u00e3o dever\u00e1 ser realizada no per\u00edodo das 08:00h do dia 21 a 23 de janeiro de 2025, at\u00e9 \u00e0s 23:59h. N\u00e3o ser\u00e3o aceitas inscri\u00e7\u00f5es e\/ou altera\u00e7\u00f5es encaminhadas por outros meios, e nem ap\u00f3s o prazo e hora estabelecidos neste edital.<\/p>\n<p><a href=\"http:\/\/juridico.sorocaba.sp.gov.br\/pgm\/wp-content\/uploads\/sites\/3\/2025\/01\/requerimento-inscricao-remocao-pgm.pdf\" target=\"_blank\"><strong>Anexo &#8211; Requerimento.PDF<\/strong><\/a><\/p>\n<p><a href=\"http:\/\/juridico.sorocaba.sp.gov.br\/pgm\/wp-content\/uploads\/sites\/3\/2025\/01\/requerimento-inscricao-remocao-pgm.docx\" target=\"_blank\"><strong>Anexo &#8211; Requerimento.DOC<\/strong><\/a><\/p>\n<p><strong>Instru\u00e7\u00f5es<\/strong><\/p>\n<ul>\n<li>Caso o arquivo &#8216;Anexo &#8211; Requerimento.DOC&#8217; n\u00e3o abra ao ser clicado, clique com o bot\u00e3o direito no link e selecione &#8216;Salvar link como&#8217; para baixar o arquivo no local desejado.<\/li>\n<li>Para melhor legibilidade, recomenda-se a assinatura digital do requerimento, a fim de evitar perda de qualidade na digitaliza\u00e7\u00e3o.<\/li>\n<li>Ap\u00f3s assinado, encaminhar o documento para o e-mail:<br \/>\nprocuradoria.geral@sorocaba.sp.gov.br<\/li>\n<\/ul>\n<hr \/>\n<p><strong>ANEXO III<\/strong><\/p>\n<p><strong>Formul\u00e1rio para interposi\u00e7\u00e3o de recurso.<\/strong><\/p>\n<p>O prazo para o(a) candidato(a) entrar com recurso ser\u00e1 de 03 (tr\u00eas) dias \u00fateis, a partir da data de divulga\u00e7\u00e3o do resultado preliminar do processo de remo\u00e7\u00e3o, no per\u00edodo das 8h do dia 27 a 29 de janeiro de 2025, at\u00e9 \u00e0s 23h.<\/p>\n<p><a href=\"http:\/\/juridico.sorocaba.sp.gov.br\/pgm\/wp-content\/uploads\/sites\/3\/2025\/01\/formulario-recurso-remocao-pgm.pdf\" target=\"_blank\"><strong>Anexo &#8211; Formul\u00e1rio.PDF<\/strong><\/a><\/p>\n<p><a href=\"http:\/\/juridico.sorocaba.sp.gov.br\/pgm\/wp-content\/uploads\/sites\/3\/2025\/01\/formulario-recurso-remocao-pgm.docx\" target=\"_blank\"><strong>Anexo &#8211; Formul\u00e1rio.DOC<\/strong><\/a><\/p>\n<p><strong>Instru\u00e7\u00f5es<\/strong><\/p>\n<ul>\n<li>Caso o arquivo &#8216;Anexo &#8211; Formul\u00e1rio.DOC&#8217; n\u00e3o abra ao ser clicado, clique com o bot\u00e3o direito no link e selecione &#8216;Salvar link como&#8217; para baixar o arquivo no local desejado.<\/li>\n<li>Para melhor legibilidade, recomenda-se a assinatura digital do formul\u00e1rio, a fim de evitar perda de qualidade na digitaliza\u00e7\u00e3o.<\/li>\n<li>Ap\u00f3s assinado, encaminhar o documento para o e-mail:<br \/>\nprocuradoria.geral@sorocaba.sp.gov.br<\/li>\n<\/ul>\n<hr \/>\n<p><strong>CLASSIFICA\u00c7\u00c3O PR\u00c9VIA<\/strong><\/p>\n<p><a href=\"http:\/\/juridico.sorocaba.sp.gov.br\/pgm\/wp-content\/uploads\/sites\/3\/2025\/01\/edital-remocao-classificacao-previa-1.pdf\"><strong>Anexo &#8211; Edital PGM\/SEJ<\/strong><\/a><\/p>\n<p>(Publicado no Jornal do Munic\u00edpio de Sorocaba, edi\u00e7\u00e3o n\u00ba 3.641 \u2013 24 de janeiro de 2025, p\u00e1gs. 43).<\/p>\n","protected":false},"excerpt":{"rendered":"<p>1\u00ba Concurso de Remo\u00e7\u00e3o\u00a0&#8211;\u00a0Cargo de\u00a0Procurador do Munic\u00edpio INSTRU\u00c7\u00c3O NORMATIVA CONJUNTA SEJ\/SERH N\u00ba 1\/2025 Disp\u00f5e sobre o concurso de remo\u00e7\u00e3o para os titulares do cargo de Procurador do Munic\u00edpio, no \u00e2mbito das Procuradorias especializadas da Procuradoria-Geral do Munic\u00edpio de Sorocaba. Anexo &#8211; Instru\u00e7\u00e3o Normativa Conjunta (Publicada no Jornal do Munic\u00edpio de Sorocaba, edi\u00e7\u00e3o n\u00ba 3.636 \u2013&nbsp; <a href=\"https:\/\/juridico.sorocaba.sp.gov.br\/pgm\/concurso-de-remocao-interna\/\">&hellip; Leia mais<\/a><\/p>\n","protected":false},"author":49,"featured_media":0,"parent":0,"menu_order":0,"comment_status":"closed","ping_status":"closed","template":"","meta":{"footnotes":""},"class_list":["post-1412","page","type-page","status-publish","hentry"],"_links":{"self":[{"href":"https:\/\/juridico.sorocaba.sp.gov.br\/pgm\/wp-json\/wp\/v2\/pages\/1412","targetHints":{"allow":["GET"]}}],"collection":[{"href":"https:\/\/juridico.sorocaba.sp.gov.br\/pgm\/wp-json\/wp\/v2\/pages"}],"about":[{"href":"https:\/\/juridico.sorocaba.sp.gov.br\/pgm\/wp-json\/wp\/v2\/types\/page"}],"author":[{"embeddable":true,"href":"https:\/\/juridico.sorocaba.sp.gov.br\/pgm\/wp-json\/wp\/v2\/users\/49"}],"replies":[{"embeddable":true,"href":"https:\/\/juridico.sorocaba.sp.gov.br\/pgm\/wp-json\/wp\/v2\/comments?post=1412"}],"version-history":[{"count":28,"href":"https:\/\/juridico.sorocaba.sp.gov.br\/pgm\/wp-json\/wp\/v2\/pages\/1412\/revisions"}],"predecessor-version":[{"id":1699,"href":"https:\/\/juridico.sorocaba.sp.gov.br\/pgm\/wp-json\/wp\/v2\/pages\/1412\/revisions\/1699"}],"wp:attachment":[{"href":"https:\/\/juridico.sorocaba.sp.gov.br\/pgm\/wp-json\/wp\/v2\/media?parent=1412"}],"curies":[{"name":"wp","href":"https:\/\/api.w.org\/{rel}","templated":true}]}}